{"id":109,"date":"2024-03-28T08:18:59","date_gmt":"2024-03-28T08:18:59","guid":{"rendered":"http:\/\/mundopanama.com\/cristiana\/?page_id=109"},"modified":"2024-03-28T08:19:38","modified_gmt":"2024-03-28T08:19:38","slug":"catedraldevida","status":"publish","type":"page","link":"https:\/\/mundopanama.com\/cristiana\/catedraldevida\/","title":{"rendered":"Catedral de vida"},"content":{"rendered":"<p><a href=\"http:\/\/lacatedraldevida.com\/\" target=\"_blank\" rel=\"noopener noreferrer\">http:\/\/lacatedraldevida.com<\/a>&#8212;<a href=\"https:\/\/es-es.facebook.com\/ministeriocatedraldevida\" target=\"_blank\" rel=\"noopener noreferrer\">FACEBOOK<\/a>&#8212;<a href=\"https:\/\/twitter.com\/catvida\" target=\"_blank\" rel=\"noopener noreferrer\">TWITTER<\/a>&#8212;<a href=\"https:\/\/www.instagram.com\/la_catedraldevida\/\" target=\"_blank\" rel=\"noopener noreferrer\">INSTAGRAM<\/a><br \/>\nDirecci\u00f3n: V\u00eda Fern\u00e1ndez de C\u00f3rdoba, al lado de la antigua Pastas Imperial, frente a la carretera Trans\u00edstmica, ciudad de Panam\u00e1.<br \/>\nTel: +507 261-0447.<br \/>\n(SIN SENAL POR INERNET.)<\/p>\n<p>Deja tu comentarios<br \/>\n<script src=\"http:\/\/connect.facebook.net\/en_GB\/all.js#xfbml=1\"><\/script><fb:comments width=\"560\" num_posts=\"20\" href=\"http:\/\/mundo-panama.com\/cristiana\/catedraldevida\" colorscheme=\"light\"><\/fb:comments><\/p>\n","protected":false},"excerpt":{"rendered":"<p>http:\/\/lacatedraldevida.com&#8212;FACEBOOK&#8212;TWITTER&#8212;INSTAGRAM Direcci\u00f3n: V\u00eda Fern\u00e1ndez de C\u00f3rdoba, al lado de la antigua Pastas Imperial, frente a la carretera Trans\u00edstmica, ciudad de Panam\u00e1. Tel: +507 261-0447. (SIN SENAL POR INERNET.) Deja tu comentarios<\/p>\n","protected":false},"author":1,"featured_media":0,"parent":0,"menu_order":0,"comment_status":"closed","ping_status":"closed","template":"","meta":{"footnotes":""},"class_list":["post-109","page","type-page","status-publish","hentry"],"_links":{"self":[{"href":"https:\/\/mundopanama.com\/cristiana\/wp-json\/wp\/v2\/pages\/109","targetHints":{"allow":["GET"]}}],"collection":[{"href":"https:\/\/mundopanama.com\/cristiana\/wp-json\/wp\/v2\/pages"}],"about":[{"href":"https:\/\/mundopanama.com\/cristiana\/wp-json\/wp\/v2\/types\/page"}],"author":[{"embeddable":true,"href":"https:\/\/mundopanama.com\/cristiana\/wp-json\/wp\/v2\/users\/1"}],"replies":[{"embeddable":true,"href":"https:\/\/mundopanama.com\/cristiana\/wp-json\/wp\/v2\/comments?post=109"}],"version-history":[{"count":2,"href":"https:\/\/mundopanama.com\/cristiana\/wp-json\/wp\/v2\/pages\/109\/revisions"}],"predecessor-version":[{"id":112,"href":"https:\/\/mundopanama.com\/cristiana\/wp-json\/wp\/v2\/pages\/109\/revisions\/112"}],"wp:attachment":[{"href":"https:\/\/mundopanama.com\/cristiana\/wp-json\/wp\/v2\/media?parent=109"}],"curies":[{"name":"wp","href":"https:\/\/api.w.org\/{rel}","templated":true}]}}