{"id":299,"date":"2024-03-30T04:28:01","date_gmt":"2024-03-30T04:28:01","guid":{"rendered":"http:\/\/mundopanama.com\/cristiana\/?page_id=299"},"modified":"2024-03-30T04:31:15","modified_gmt":"2024-03-30T04:31:15","slug":"radiomaria","status":"publish","type":"page","link":"https:\/\/mundopanama.com\/cristiana\/radiomaria\/","title":{"rendered":"Radio Maria"},"content":{"rendered":"<p>Estas escuchando Radio Maria una voz cristiana en tu casa.<br \/>\n Ubicado en: Betania, Urbanizaci\u00f3n Los \u00c1ngeles, Avenida Los Periodistas, Panam\u00e1, Rep. de Panam\u00e1.<\/p>\n<p><a href=\"http:\/\/www.radiomariapanama.org\/\" target=\"_blank\" rel=\"noopener noreferrer\">http:\/\/www.radiomariapanama.org\/<\/a>&#8212;<a href=\"https:\/\/www.facebook.com\/rmpanama\" target=\"_blank\" rel=\"noopener noreferrer\">Facebook<\/a>&#8212;-<a href=\"https:\/\/twitter.com\/rmpanama\" target=\"_blank\" rel=\"noopener noreferrer\">Twitter<\/a>&#8212;-<a href=\"https:\/\/www.instagram.com\/rmpanama\/\" target=\"_blank\" rel=\"noopener noreferrer\">Instagram<\/a><br \/>\nUbicado en  Urbanizacin Los Angeles Avenida de los Periodistas (+507) 260-6762<br \/>\nWhatsapp (507) 6633-6087<br \/>\n<audio width=\"600\" height=\"32\" controls=\"controls\" autoplay=\"autoplay\" src=\"http:\/\/dreamsiteradiocp.com:8082\/;\"><\/audio><\/p>\n<p>Deja tu comentario.<br \/>\n<script src=\"http:\/\/connect.facebook.net\/en_GB\/all.js#xfbml=1\"><\/script><fb:comments width=\"560\" num_posts=\"20\" href=\"http:\/\/mundopanama.com\/cristiana\/radiomaria\" colorscheme=\"light\"><\/fb:comments><\/p>\n","protected":false},"excerpt":{"rendered":"<p>Estas escuchando Radio Maria una voz cristiana en tu casa. Ubicado en: Betania, Urbanizaci\u00f3n Los \u00c1ngeles, Avenida Los Periodistas, Panam\u00e1, Rep. de Panam\u00e1. http:\/\/www.radiomariapanama.org\/&#8212;Facebook&#8212;-Twitter&#8212;-Instagram Ubicado en Urbanizacin Los Angeles Avenida de los Periodistas (+507) 260-6762 Whatsapp (507) 6633-6087 Deja tu comentario.<\/p>\n","protected":false},"author":1,"featured_media":0,"parent":0,"menu_order":0,"comment_status":"closed","ping_status":"closed","template":"","meta":{"footnotes":""},"class_list":["post-299","page","type-page","status-publish","hentry"],"_links":{"self":[{"href":"https:\/\/mundopanama.com\/cristiana\/wp-json\/wp\/v2\/pages\/299","targetHints":{"allow":["GET"]}}],"collection":[{"href":"https:\/\/mundopanama.com\/cristiana\/wp-json\/wp\/v2\/pages"}],"about":[{"href":"https:\/\/mundopanama.com\/cristiana\/wp-json\/wp\/v2\/types\/page"}],"author":[{"embeddable":true,"href":"https:\/\/mundopanama.com\/cristiana\/wp-json\/wp\/v2\/users\/1"}],"replies":[{"embeddable":true,"href":"https:\/\/mundopanama.com\/cristiana\/wp-json\/wp\/v2\/comments?post=299"}],"version-history":[{"count":3,"href":"https:\/\/mundopanama.com\/cristiana\/wp-json\/wp\/v2\/pages\/299\/revisions"}],"predecessor-version":[{"id":303,"href":"https:\/\/mundopanama.com\/cristiana\/wp-json\/wp\/v2\/pages\/299\/revisions\/303"}],"wp:attachment":[{"href":"https:\/\/mundopanama.com\/cristiana\/wp-json\/wp\/v2\/media?parent=299"}],"curies":[{"name":"wp","href":"https:\/\/api.w.org\/{rel}","templated":true}]}}