{"id":135,"date":"2024-03-04T06:36:43","date_gmt":"2024-03-04T06:36:43","guid":{"rendered":"http:\/\/mundopanama.com\/index\/?page_id=135"},"modified":"2024-03-04T06:36:43","modified_gmt":"2024-03-04T06:36:43","slug":"kwcontinente","status":"publish","type":"page","link":"https:\/\/mundopanama.com\/index\/kwcontinente\/","title":{"rendered":"KWcontinente"},"content":{"rendered":"<p>Estas escuchando KW Continente<br \/>\n<a href=\"http:\/\/www.kwcontinente.com\" target=\"_blank\" rel=\"noopener noreferrer\">http:\/\/www.kwcontinente.com<\/a>&#8212;<a href=\"https:\/\/www.facebook.com\/kw.continente.58\" target=\"_blank\" rel=\"noopener noreferrer\">Facebook<\/a>&#8212;<a href=\"https:\/\/twitter.com\/KWCONTINENTE\" target=\"_blank\" rel=\"noopener noreferrer\">Twitter<\/a>&#8212;<a href=\"https:\/\/www.instagram.com\/kwcontinente95.7\/\" target=\"_blank\" rel=\"noopener noreferrer\">Instagram<\/a><br \/>\nUbicado en KW Continente,  Edificio NexTV Panam\u00e1, v\u00eda Espa\u00f1a, Ciudad de Panam\u00e1, Panam\u00e1.<br \/>\nFrecuencias: Panam\u00e1 95.7 FM 710 AM, Provincias Centrales 95.9 FM, Chiriqu\u00ed y Bocas del Toro 96.1 FM, Col\u00f3n y Guna Yala 94.3 FM.<br \/>\nTelefonos: 223-1944;229-5885;  6262-1551<br \/>\n<audio autoplay=\"autoplay\" controls=\"controls\"><source src=\"https:\/\/streamingv2.shoutcast.com\/radio-peninsula-830-am\" type=\"audio\/mpeg\"><\/audio><br \/>\nDeja tu comentario<br \/>\n<script src=\"http:\/\/connect.facebook.net\/en_GB\/all.js#xfbml=1\"><\/script><fb:comments width=\"650\" num_posts=\"50\" href=\"http:\/\/mundo-panama.com\/index\/kwcontinente\" colorscheme=\"light\"><\/fb:comments><\/p>\n","protected":false},"excerpt":{"rendered":"<p>Estas escuchando KW Continente http:\/\/www.kwcontinente.com&#8212;Facebook&#8212;Twitter&#8212;Instagram Ubicado en KW Continente, Edificio NexTV Panam\u00e1, v\u00eda Espa\u00f1a, Ciudad de Panam\u00e1, Panam\u00e1. Frecuencias: Panam\u00e1 95.7 FM 710 AM, Provincias Centrales 95.9 FM, Chiriqu\u00ed y&hellip;<\/p>\n","protected":false},"author":1,"featured_media":0,"parent":0,"menu_order":0,"comment_status":"closed","ping_status":"closed","template":"","meta":{"footnotes":""},"class_list":["post-135","page","type-page","status-publish","hentry"],"_links":{"self":[{"href":"https:\/\/mundopanama.com\/index\/wp-json\/wp\/v2\/pages\/135","targetHints":{"allow":["GET"]}}],"collection":[{"href":"https:\/\/mundopanama.com\/index\/wp-json\/wp\/v2\/pages"}],"about":[{"href":"https:\/\/mundopanama.com\/index\/wp-json\/wp\/v2\/types\/page"}],"author":[{"embeddable":true,"href":"https:\/\/mundopanama.com\/index\/wp-json\/wp\/v2\/users\/1"}],"replies":[{"embeddable":true,"href":"https:\/\/mundopanama.com\/index\/wp-json\/wp\/v2\/comments?post=135"}],"version-history":[{"count":1,"href":"https:\/\/mundopanama.com\/index\/wp-json\/wp\/v2\/pages\/135\/revisions"}],"predecessor-version":[{"id":136,"href":"https:\/\/mundopanama.com\/index\/wp-json\/wp\/v2\/pages\/135\/revisions\/136"}],"wp:attachment":[{"href":"https:\/\/mundopanama.com\/index\/wp-json\/wp\/v2\/media?parent=135"}],"curies":[{"name":"wp","href":"https:\/\/api.w.org\/{rel}","templated":true}]}}