{"id":290,"date":"2024-03-19T09:03:09","date_gmt":"2024-03-19T09:03:09","guid":{"rendered":"http:\/\/mundopanama.com\/index\/?page_id=290"},"modified":"2024-03-23T03:16:13","modified_gmt":"2024-03-23T03:16:13","slug":"rpc","status":"publish","type":"page","link":"https:\/\/mundopanama.com\/index\/rpc\/","title":{"rendered":"RPC RADIO"},"content":{"rendered":"<p>Estas escuchando RPCRADIO, <a href=\"https:\/\/go.medcom.com.pa\/radio-rpc\" target=\"_blank\" rel=\"noopener noreferrer\">rpcradio<\/a>  Corporaci\u00f3n MEDCOM Panam\u00e1 S.A.Direcci\u00f3n: Avenida 12 de Octubre | Telefonos 011-507 390-4892 390-4893<br \/> <br \/>\n90.9 fm Panama 106.3 fm provincias centrales, 90.9 fm Chiriqui\/Bocas del Toro.<br \/>\nEspera unos segundos para que cargue la senal en celular.<br \/>\n<iframe loading=\"lazy\" id=\"streamer\" src=\"https:\/\/stweb.tv\/clientes\/Medcom\/stream3.html\" scrolling=\"no\" marginheight=\"0\" marginwidth=\"0\" style=\"margin: 0; padding: 0;\" allowtransparency=\"true\" width=\"650\" height=\"110\" frameborder=\"0\"><\/iframe><\/p>\n<p><a href=\"https:\/\/www.facebook.com\/rpcradio\/\" target=\"_blank\" rel=\"noopener noreferrer\">Facebook<\/a>&#8212;<a href=\"https:\/\/twitter.com\/rpc_radio\" target=\"_blank\" rel=\"noopener noreferrer\">Twitter<\/a>&#8212;<a href=\"https:\/\/www.instagram.com\/rpc_radio\/\" target=\"_blank\" rel=\"noopener noreferrer\">Instagram<\/a><\/p>\n<p>DEJA TU COMENTARIO.<br \/>\n<script src=\"http:\/\/connect.facebook.net\/en_GB\/all.js#xfbml=1\"><\/script><fb:comments width=\"650\" num_posts=\"50\" href=\"https:\/\/mundopanama.com\/index\/rpcradio\" colorscheme=\"light\"><\/fb:comments><\/p>\n","protected":false},"excerpt":{"rendered":"<p>Estas escuchando RPCRADIO, rpcradio Corporaci\u00f3n MEDCOM Panam\u00e1 S.A.Direcci\u00f3n: Avenida 12 de Octubre | Telefonos 011-507 390-4892 390-4893 90.9 fm Panama 106.3 fm provincias centrales, 90.9 fm Chiriqui\/Bocas del Toro. Espera&hellip;<\/p>\n","protected":false},"author":1,"featured_media":0,"parent":0,"menu_order":0,"comment_status":"closed","ping_status":"closed","template":"","meta":{"footnotes":""},"class_list":["post-290","page","type-page","status-publish","hentry"],"_links":{"self":[{"href":"https:\/\/mundopanama.com\/index\/wp-json\/wp\/v2\/pages\/290","targetHints":{"allow":["GET"]}}],"collection":[{"href":"https:\/\/mundopanama.com\/index\/wp-json\/wp\/v2\/pages"}],"about":[{"href":"https:\/\/mundopanama.com\/index\/wp-json\/wp\/v2\/types\/page"}],"author":[{"embeddable":true,"href":"https:\/\/mundopanama.com\/index\/wp-json\/wp\/v2\/users\/1"}],"replies":[{"embeddable":true,"href":"https:\/\/mundopanama.com\/index\/wp-json\/wp\/v2\/comments?post=290"}],"version-history":[{"count":90,"href":"https:\/\/mundopanama.com\/index\/wp-json\/wp\/v2\/pages\/290\/revisions"}],"predecessor-version":[{"id":498,"href":"https:\/\/mundopanama.com\/index\/wp-json\/wp\/v2\/pages\/290\/revisions\/498"}],"wp:attachment":[{"href":"https:\/\/mundopanama.com\/index\/wp-json\/wp\/v2\/media?parent=290"}],"curies":[{"name":"wp","href":"https:\/\/api.w.org\/{rel}","templated":true}]}}