{"id":470,"date":"2024-03-23T02:36:03","date_gmt":"2024-03-23T02:36:03","guid":{"rendered":"http:\/\/mundopanama.com\/index\/?page_id=470"},"modified":"2024-03-23T02:39:44","modified_gmt":"2024-03-23T02:39:44","slug":"stereooeste","status":"publish","type":"page","link":"https:\/\/mundopanama.com\/index\/stereooeste\/","title":{"rendered":"Stereo Oeste"},"content":{"rendered":"<p>Estas escuchando <a href=\"https:\/\/www.oeste985.com\/\" target=\"_blank\" rel=\"noopener noreferrer\">Stereo Oeste 98.5<\/a>&#8212;<a href=\"https:\/\/twitter.com\/oeste985\" target=\"_blank\" rel=\"noopener noreferrer\">Twitter<\/a><br \/>\nTel\u00e9fonos 253 3038 \/ Fax 253 3048, Mensaje en WhatsApp +507 6417-4537<\/p>\n<p>Localizado en: Avenida de las Am\u00e9ricas Edificio Do\u00f1a Elisa Segundo Piso Oficina No. 12 La Chorrera Panam\u00e1.<\/p>\n<p><audio src=\"https:\/\/us4new.listen2myradio.com:2199\/listen.php?port=10061&amp;type=s2&amp;mount=\/stream\" controls=\"controls\" type=\"audio\/mpeg\" preload=\"preload\"><br \/>\n<\/audio><\/p>\n<p>Deja tu comentario.<br \/>\n<script src=\"http:\/\/connect.facebook.net\/en_GB\/all.js#xfbml=1\"><\/script><fb:comments width=\"650\" num_posts=\"50\" href=\"https:\/\/mundopanama.com\/index\/stereooeste\" colorscheme=\"light\"><\/fb:comments\n<\/p>\n","protected":false},"excerpt":{"rendered":"<p>Estas escuchando Stereo Oeste 98.5&#8212;Twitter Tel\u00e9fonos 253 3038 \/ Fax 253 3048, Mensaje en WhatsApp +507 6417-4537 Localizado en: Avenida de las Am\u00e9ricas Edificio Do\u00f1a Elisa Segundo Piso Oficina No.&hellip;<\/p>\n","protected":false},"author":1,"featured_media":0,"parent":0,"menu_order":0,"comment_status":"closed","ping_status":"closed","template":"","meta":{"footnotes":""},"class_list":["post-470","page","type-page","status-publish","hentry"],"_links":{"self":[{"href":"https:\/\/mundopanama.com\/index\/wp-json\/wp\/v2\/pages\/470","targetHints":{"allow":["GET"]}}],"collection":[{"href":"https:\/\/mundopanama.com\/index\/wp-json\/wp\/v2\/pages"}],"about":[{"href":"https:\/\/mundopanama.com\/index\/wp-json\/wp\/v2\/types\/page"}],"author":[{"embeddable":true,"href":"https:\/\/mundopanama.com\/index\/wp-json\/wp\/v2\/users\/1"}],"replies":[{"embeddable":true,"href":"https:\/\/mundopanama.com\/index\/wp-json\/wp\/v2\/comments?post=470"}],"version-history":[{"count":4,"href":"https:\/\/mundopanama.com\/index\/wp-json\/wp\/v2\/pages\/470\/revisions"}],"predecessor-version":[{"id":474,"href":"https:\/\/mundopanama.com\/index\/wp-json\/wp\/v2\/pages\/470\/revisions\/474"}],"wp:attachment":[{"href":"https:\/\/mundopanama.com\/index\/wp-json\/wp\/v2\/media?parent=470"}],"curies":[{"name":"wp","href":"https:\/\/api.w.org\/{rel}","templated":true}]}}