{"id":483,"date":"2024-03-23T02:53:52","date_gmt":"2024-03-23T02:53:52","guid":{"rendered":"http:\/\/mundopanama.com\/index\/?page_id=483"},"modified":"2024-03-23T02:54:26","modified_gmt":"2024-03-23T02:54:26","slug":"superzstereo","status":"publish","type":"page","link":"https:\/\/mundopanama.com\/index\/superzstereo\/","title":{"rendered":"Super Z Stereo"},"content":{"rendered":"<p>Estas escuchando super Z Stereo 101.7 desde la provincia de Chiriqui.<br \/>\nTel\u00e9fono : 507-774-3352  <a href=\"https:\/\/twitter.com\/superzfm?lang=en\" target=\"_blank\" rel=\"noopener noreferrer\">twitter<\/a><br \/>\nDirecci\u00f3n : Calle D Norte, Doleguita, 507 Chiriqu\u00ed, Panama<\/p>\n<p>Sin audio por internet. Mientras tanto puedes escuchar Ritmo Stereo Chiriqui.<\/p>\n<p><iframe loading=\"lazy\" src=\"\/\/www.alsolnet.com\/stream\/radioritmotv\/player.htm\" scrolling=\"no\" allowfullscreen=\"true\" webkitallowfullscreen=\"true\" mozallowfullscreen=\"true\" width=\"542\" height=\"305\" frameborder=\"0\"><\/iframe><\/p>\n<p>Deja tu comentario.<br \/>\n<script src=\"http:\/\/connect.facebook.net\/en_GB\/all.js#xfbml=1\"><\/script><fb:comments width=\"650\" num_posts=\"50\" href=\"https:\/\/mundopanama.com\/index\/superzstereo\" colorscheme=\"light\"><\/fb:comments><\/p>\n","protected":false},"excerpt":{"rendered":"<p>Estas escuchando super Z Stereo 101.7 desde la provincia de Chiriqui. Tel\u00e9fono : 507-774-3352 twitter Direcci\u00f3n : Calle D Norte, Doleguita, 507 Chiriqu\u00ed, Panama Sin audio por internet. Mientras tanto&hellip;<\/p>\n","protected":false},"author":1,"featured_media":0,"parent":0,"menu_order":0,"comment_status":"closed","ping_status":"closed","template":"","meta":{"footnotes":""},"class_list":["post-483","page","type-page","status-publish","hentry"],"_links":{"self":[{"href":"https:\/\/mundopanama.com\/index\/wp-json\/wp\/v2\/pages\/483","targetHints":{"allow":["GET"]}}],"collection":[{"href":"https:\/\/mundopanama.com\/index\/wp-json\/wp\/v2\/pages"}],"about":[{"href":"https:\/\/mundopanama.com\/index\/wp-json\/wp\/v2\/types\/page"}],"author":[{"embeddable":true,"href":"https:\/\/mundopanama.com\/index\/wp-json\/wp\/v2\/users\/1"}],"replies":[{"embeddable":true,"href":"https:\/\/mundopanama.com\/index\/wp-json\/wp\/v2\/comments?post=483"}],"version-history":[{"count":2,"href":"https:\/\/mundopanama.com\/index\/wp-json\/wp\/v2\/pages\/483\/revisions"}],"predecessor-version":[{"id":485,"href":"https:\/\/mundopanama.com\/index\/wp-json\/wp\/v2\/pages\/483\/revisions\/485"}],"wp:attachment":[{"href":"https:\/\/mundopanama.com\/index\/wp-json\/wp\/v2\/media?parent=483"}],"curies":[{"name":"wp","href":"https:\/\/api.w.org\/{rel}","templated":true}]}}